Let b be t(-6). What is the greatest common divisor of b and 9?
9
Let l = -1 - -3. Suppose l*v + 4 = 2*i, -2*v = i - v. Suppose -4*b + 25 - i = 0. What is the greatest common factor of 66 and b?
6
Let v(a) = 7*a**3 + a**2 - a. Let d = 20 - 19. Let n be v(d). Calculate the highest common divisor of n and 56.
7
Let q(y) = 24*y. Let w(t) = t**2 - 8*t + 6. Let h be w(6). Let l be 20/8*h/(-5). Let j be q(l). What is the highest common factor of 9 and j?
9
Let y be 1 + 2 - (2 - 13). Calculate the greatest common factor of 2 and y.
2
Let x = 27 + -11. What is the greatest common divisor of x and 8?
8
Suppose 4*o - 23 - 9 = 0. Suppose -13 = o*n - 77. Let l be -4*((-14)/2 - 1). Calculate the greatest common divisor of n and l.
8
Suppose -r - 5*w - 14 = -0, -5*r + w + 60 = 0. Calculate the greatest common factor of r and 77.
11
Suppose 25 = y - 2*f, y - 2*f - 19 = 2*f. Let q = -18 + y. What is the greatest common factor of 52 and q?
13
Suppose -34 = -3*v + 2. Calculate the greatest common divisor of 24 and v.
12
Let t be 13 - 4/(4/3). Suppose 0 = 4*k - 5*k. Suppose k = 4*a + 4*g - 35 - 73, 4*a - 3*g = 94. Calculate the highest common factor of a and t.
5
Suppose -13 = 5*i + 17. Let o = i - 0. Let q(u) = u**2 + 6*u + 7. Let g be q(o). Calculate the greatest common divisor of 63 and g.
7
Let t(h) = h**2 - 2*h + 126. Let b be t(0). What is the highest common divisor of 14 and b?
14
Let r = -73 - -127. Let m(h) = 7*h**3 + h**2 - h - 1. Let s be m(1). What is the greatest common factor of r and s?
6
Let k(f) = 2*f**2 + 5*f. Let y be k(-4). Suppose 0*j = -j + 6. What is the greatest common factor of j and y?
6
Let q be 2/(-5) + (-2)/(-5). Let o(c) = 3*c**2 + 14 - 4*c**2 + 6. Let g be o(q). Calculate the greatest common factor of 10 and g.
10
Suppose 9*u = 207 + 333. What is the highest common divisor of u and 40?
20
Suppose 2*c = -3*d + 2*d - 20, -4*c - 36 = d. Let j be 4/c + 78/4. Calculate the greatest common factor of 95 and j.
19
Let a be (13/(-4))/((-4)/16). Let u = -514 + 750. Let b = u + -132. What is the highest common divisor of b and a?
13
Let o = -37 + 77. Suppose -4*q + 5*u = 17, 5*u - 47 = -5*q - 12. Suppose -z = f - 4, -2*f = -0*f - q*z - 24. What is the greatest common factor of o and f?
8
Let n be 24 - (3 + (-1 - 0)). Let y be -1*21 + -7 + 4. Let w = 68 + y. Calculate the greatest common divisor of n and w.
22
Let o(a) = -1 - 2 - a + 5. Let r be o(0). Calculate the highest common divisor of 8 and r.
2
Let j(b) = -b**2 - 15*b - 4. Let p be j(-9). What is the highest common divisor of p and 25?
25
Suppose -168 = 7*c - c. Let g = 60 + c. Calculate the greatest common divisor of 32 and g.
32
Let p be -6 - -4 - -3 - 10. Let f(r) = -r**3 - 9*r**2 + 6. Let n be f(p). What is the greatest common divisor of 2 and n?
2
Suppose -2*l + 24 = l. Let d be l/(-40) + (-62)/(-10). Calculate the greatest common divisor of d and 15.
3
Let a be 176 + -9 - (-3 - 0). Suppose -5*p - j + 305 = 0, -2*j = -3*p - 0*j + a. Calculate the highest common factor of p and 12.
12
Suppose -5*f = -2*f - 12. Let w be 1/3*(-3 - 1)*-15. What is the greatest common factor of f and w?
4
Let t be 416/(-6) + (-8)/12. Let v = -6 - t. Suppose -2*d + 18 = 2*f, -5*d - f + 35 + 6 = 0. What is the greatest common divisor of d and v?
8
Suppose 3*q - 20 = q. What is the greatest common factor of q and 4?
2
Let p be ((-63)/(-2))/((-13)/(-78)). What is the highest common divisor of p and 27?
27
Let f(t) = t**3 + 5*t**2 - 7*t - 20. Let y be f(-5). Let w(i) = 2*i - 7. Let q be w(6). Calculate the greatest common divisor of y and q.
5
Let v = -18 + 34. Let i = 11 - 9. Calculate the greatest common factor of i and v.
2
Suppose p - 8 - 8 = 0. Let a(f) = 4*f**2 + 4. Let m be a(-3). Let r = m - 16. What is the greatest common factor of p and r?
8
Let m = -23 - -61. Let k = 33 + -14. Calculate the greatest common factor of m and k.
19
Let j be -22*(0 + 3/6). Let p be (j + 2)/((-4)/36). Calculate the greatest common divisor of p and 9.
9
Let r = 121 + -81. What is the greatest common factor of 100 and r?
20
Suppose -55 = 5*h + 5*y, -4*y = -3*h - 2*y - 38. Let q be (8/h)/(3/(-126)). What is the greatest common divisor of 252 and q?
28
Let x be (3 - 1/(-1)) + -2. Suppose 6*o - x*o = 4. Let k be (o + -8)*(-3)/3. What is the highest common divisor of 7 and k?
7
Let h(l) = 3*l - 10. Let s be h(4). Let f be (-1)/((-5)/s + 2). Calculate the highest common divisor of 16 and f.
2
Let z be ((-2)/(-4))/((-2)/(-8)). Suppose 2*n - 2*v + z = 20, 4*n = -5*v + 45. Calculate the highest common divisor of n and 70.
10
Let n(w) = w. Let l be n(3). Suppose -10 = -l*d + 14. What is the highest common factor of 64 and d?
8
Let p = 113 + -77. Let c be -1 - (-3)/(-3) - -6. What is the highest common divisor of c and p?
4
Suppose -2*m + 0*m = 2*x - 98, 2*x = -5*m + 254. What is the highest common divisor of m and 13?
13
Let l(j) = j**2 + j + 2. Let b be l(6). Suppose 3*x + 49 = -b. Let s = x - -49. What is the greatest common divisor of s and 3?
3
Let z = -21 + 39. Suppose -2 = -3*c + 4. Calculate the highest common factor of c and z.
2
Suppose 3*h + 4*t - 96 = 2*t, -5*h = -5*t - 160. Calculate the highest common divisor of 48 and h.
16
Let p be 2/(-5) - (-2493)/45. Calculate the highest common divisor of 11 and p.
11
Suppose 2*j + 8 = 0, -4*j - 149 = -4*z + 91. Calculate the highest common divisor of z and 140.
28
Suppose 5*a = 7*a - 24. What is the highest common divisor of 12 and a?
12
Suppose -2*m - 114 = -4*m. Suppose 2*t - 10 - 7 = 5*z, -2*z + m = 5*t. Suppose 4*r - 155 - 197 = 0. What is the highest common factor of r and t?
11
Let o(a) = -6*a - 36. Let q be o(-8). Calculate the highest common factor of q and 4.
4
Let t = 42 - 34. Suppose -5*f = 2*h - 92, 0*h = -3*h + 2*f + 176. What is the highest common divisor of h and t?
8
Suppose -19*k + 102 = -13*k. What is the greatest common divisor of 17 and k?
17
Let t = 5 - 3. Let f be (0/t - 1)*-2. Suppose -f*m - 2*u = -22, -2*u + 52 = 5*m - 0*u. What is the greatest common factor of m and 5?
5
Let t be ((-8)/12)/(4/(-66)). What is the greatest common factor of t and 99?
11
Suppose 0 = -3*u + 4*u - 22. What is the greatest common factor of 2 and u?
2
Let j be 14/(4/(-6)*3). Let t be j/28 + 49/4. Calculate the highest common factor of 12 and t.
12
Let j(r) = -2*r + 3. Let t(h) = 2*h - 3. Let k(b) = -4*j(b) - 3*t(b). Let u be k(-9). Let w be (8/(-3) - -2)*u. What is the highest common factor of 2 and w?
2
Let v be (2 - 2) + -2*1. Let y be ((-49)/(-28))/(v/(-24)). Calculate the greatest common factor of 7 and y.
7
Suppose 2*b - 4*q - 13 = 17, 0 = -b - 4*q - 15. Let x(y) = 13*y - 4. Let l be x(3). Calculate the greatest common divisor of b and l.
5
Let c(p) = -p**3 + 4*p**2 + 6*p + 1. Let m be c(5). Suppose 0 = -0*r - r + m. Calculate the highest common divisor of r and 3.
3
Suppose 0 = -p - 0*p + 2. Let k be ((-18)/(-30))/(p/10). What is the highest common factor of k and 2?
1
Let q(p) = p**2 + 2*p + 4. Let u be q(10). Suppose 2*t + u = 5*s - 0*t, 30 = s - 3*t. What is the greatest common factor of 24 and s?
24
Suppose -d + 7 - 4 = 0. Calculate the highest common factor of d and 3.
3
Let n(z) = z**3 - 7*z**2 + 6*z + 2. Let k be n(6). Let o = -4 + k. Let v be o + 4 + (0 - 1). What is the highest common factor of 1 and v?
1
Suppose 177 = -5*l + 672. Calculate the greatest common divisor of l and 9.
9
Suppose -3*b + 192 = 33. Let o = b - -42. Calculate the highest common divisor of o and 38.
19
Suppose 5*o = -3*r + 4*o + 10, 0 = -2*o + 2. Suppose -2*u + 440 = r*u. What is the greatest common divisor of u and 11?
11
Suppose 2*j + 3*j - 85 = 0. Suppose 0 = -c - 0*c - 3*k + j, k - 27 = -3*c. What is the highest common factor of c and 4?
4
Suppose -5*y = -3*o - 326, y + 5*o = -4*y + 310. Calculate the highest common factor of 8 and y.
8
Let b = -313 - -181. Let n = b + 215. Suppose -n = -5*i - 3. What is the highest common divisor of 2 and i?
2
Let w(q) = -q + 1. Let d(l) = 2*l**2 - 6*l + 4. Let a(i) = -d(i) + 6*w(i). Let f be a(-2). Let j = -2 - f. What is the greatest common factor of 16 and j?
4
Let y(v) = 4*v**2 - 2*v - 10 - 2*v**2 + 6. Let z be y(7). Let c = z - 56. What is the greatest common divisor of 36 and c?
12
Suppose 5 = -n + 4*v, -2*v = -0*n - 5*n + 29. What is the hig